o(v). Give n(-10).
-10
Let n(q) = q**3 - 7*q**2 + 10*q - 12. Let s be ((-4)/(-5))/(276/2070). Determine n(s).
12
Let t(b) = -b**2 + 2. Suppose 0 = 16*y + 29 + 35. Let p(l) = 3*l**2 - 2*l - 11. Let x(f) = y*t(f) - p(f). Calculate x(-4).
11
Let t(h) = h**3 - 17*h**2 + 15*h + 10. Let p be 3354/(-2236)*(-64)/(-6)*-1. Determine t(p).
-6
Let t(c) = c**3 - 69*c - 50*c + 2 - 45*c + 3*c**2 - 48*c + 205*c. Determine t(-4).
14
Let b(n) = n**2 + 11*n + 6. Let t = 515 - 467. Suppose 6*j + 18 = -t. What is b(j)?
6
Let q(u) = u + 1. Let x be -6*(-8)/(-4 - 12). What is q(x)?
-2
Let n = -12214 - -12212. Let v(l) = 16*l**2 + 8*l + 12. Calculate v(n).
60
Let t(x) = 1055*x + 3153. Let y be t(-3). Let a(h) be the first derivative of 5*h**2 - 4 - 17*h + 1/3*h**3. Give a(y).
7
Let l(x) = 24*x - 97. Let j(p) = 52*p - 204. Let a(c) = -4*j(c) + 9*l(c). Calculate a(17).
79
Let v(z) = 162 + 86 + 24 + 20 + 15*z + 4*z. Let c be v(-15). Let u(j) = j**3 - 8*j**2 + 4*j + 3. Calculate u(c).
-18
Let k(n) = -44*n - 94. Let o(r) = 19*r + 47. Let f(w) = -2*k(w) - 5*o(w). What is f(-9)?
16
Let s(h) = -h**2 - 4*h - 5. Suppose -4*o + 11 = -197. Suppose -o - 18 = -10*q. Suppose 3*t + 19 = q. What is s(t)?
-5
Suppose -47*g + 1499 = 1311. Let s(x) = -2*x**3 + 3*x**2 - 2*x + 17. Determine s(g).
-71
Let f(g) = -g**3 - 9*g**2 - 18*g - 28. Suppose 26*h = -26*h + 41*h - 77. What is f(h)?
0
Let v be (-27 + -5)/8 - -7. Let k(h) = -7*h - 2. Let y(m) = -14*m - 4. Let w(q) = 7*k(q) - 4*y(q). Determine w(v).
23
Let d(f) be the third derivative of -f**6/360 + 7*f**5/120 - 9*f**4/4 + f**3/6 + 238*f**2. Let o(w) be the second derivative of d(w). Determine o(5).
-3
Let h(f) = f**2 + 22*f - 44. Let p be h(-22). Let u be (-5)/(-6) + p/24. Let w(x) = 7*x - 1. Calculate w(u).
-8
Let m(p) = -2*p**3 - 3*p**2 - p + 1. Let c(l) = l**3 - 4*l**2 + 8*l. Let z be c(4). Suppose 8*y + 8 = z. Suppose -y*a - a = 8. Determine m(a).
7
Let s be 54/(-4) - (-189)/42 - -10. Let a(i) be the second derivative of -19*i**3/6 + i. Give a(s).
-19
Let m(y) = -12*y + 50. Let j(a) = 23*a - 95. Let o(n) = -8*j(n) - 15*m(n). Give o(4).
-6
Let b(s) = s**2 + 3*s + 3. Suppose -2*j = -72*j - 137 - 423. What is b(j)?
43
Let a = -1173 + 1169. Let l(n) = n**3 + 4*n**2 + 6*n + 4. What is l(a)?
-20
Let i(a) = -24*a - 42. Let t(k) = 15*k - 47. Let c be t(3). Let b be i(c). Let d(u) = u**2 - 11*u + 15. Give d(b).
-15
Let z be (-96)/9 + (-2)/(-3). Let l = -8 - z. Let v(x) = 52 + x - 4 - 49. What is v(l)?
1
Suppose -1571*q = -1557*q - 28. Let d(b) be the first derivative of q - b**2 - 2*b + 2/3*b**3. Give d(2).
2
Let u(l) be the first derivative of 17*l**2/2 - 537. Give u(1).
17
Let w(m) = -18*m**2 - 4*m + 5. Let i = -1805 - -1807. Give w(i).
-75
Let j(t) = t**3 - 5*t**2 + 4*t + 2. Suppose 0*z = 2*z - 20. Suppose 5*h + 55 = z*h. Suppose -2 = h*i - 46. Give j(i).
2
Let z(o) = 2*o**2 + 10*o + 9. Let f be z(-5). Suppose 3*y = f*y - 18. Let u(q) = q**3 - 2*q**2 - 2*q + 3. Calculate u(y).
6
Let n(f) = -f**3 + 64*f**2 - 32*f**2 - 5 + 1 + 2*f + 0*f - 39*f**2. Give n(-6).
-52
Let f(g) = -g**2 - 6*g - 4. Let t be f(-4). Suppose -5*w - 5*q = -t*q + 14, 2*q + 13 = -5*w. Let a(p) = -3*p**2 + 4*p + 4. Give a(w).
-35
Suppose -2*c = c. Let y(a) be the second derivative of -a**3/6 + a**2 + 7593*a. Determine y(c).
2
Let n = -6 + 0. Let u(v) be the second derivative of v**5/20 + 7*v**4/12 + 5*v**3/6 + 7*v**2/2 - 3109*v. Determine u(n).
13
Let f(g) = g**3 - 9*g**2 + 3*g + 83. Let z be f(7). Let d(c) = 5*c + 7. Give d(z).
37
Let p be 10/3*((-117)/(-15) - 9). Let g(n) = -n - 30. Calculate g(p).
-26
Let q(l) = l - 13. Let t(c) = 20*c - 161. Suppose 0 = -14*d + 8*d + 54. Let v be t(d). What is q(v)?
6
Let u(o) = -3*o + 4. Let z be u(2). Let r(n) be the first derivative of -2/3*n**3 - n**2 - 2*n - 1/2*n**4 + 4. Give r(z).
10
Let j(g) = -g**3 + g + 5. Let i = -525 + 820. Let k = i - 295. What is j(k)?
5
Let r(b) be the first derivative of -b**4/4 - 2*b**3 - 3*b**2 - 3*b - 85. Let c be (-3)/(3/6 - (-3)/12). What is r(c)?
-11
Let l(w) = -172 + 126 - w + 2*w + 14 + 23. Calculate l(-13).
-22
Let n(q) be the second derivative of -q**3/6 - q**2 - q. Let y be 22/(-2) + 113/(2486/330). Calculate n(y).
-6
Let v(k) be the third derivative of k**6/120 - 4*k**5/15 - 3*k**4/2 + 2*k**3/3 - 3*k**2 - 2*k. Let x = -505 + 523. What is v(x)?
4
Let i be 3/(-84)*48 - (-60)/(-14). Let u(d) = 3*d**3 + 18*d**2 - 17*d - 5. Let m(o) = o**3 + 6*o**2 - 6*o - 2. Let k(x) = 11*m(x) - 4*u(x). Determine k(i).
-14
Let m(c) = 34*c + 14. Let x(s) = 15*s + 1. Let d(h) = -m(h) + 3*x(h). Determine d(8).
77
Let g = 8528 - 8530. Let h(y) = 23*y + 1. Determine h(g).
-45
Let v(x) = -x**2 - 11*x + 9. Let n be (-246)/(-8) - (-3 + (-30)/(-8)). Suppose 3*f + n = -z, -4*z = -0*f + f - 1. Calculate v(f).
9
Suppose -13*c - 1 = -196. Let t(k) = -18 + 22*k**3 + k**2 - k + 32 - c. Determine t(-1).
-21
Let h(u) = 11*u**2 - u + 9. Let j(c) = 8*c**2 - 4*c + 11. Let r(n) = 3*h(n) - 4*j(n). Give r(-12).
-29
Let a(j) = -j**3 + 9*j**2 + 7*j + 3. Let x(r) be the third derivative of r**6/120 + r**5/10 + r**4/12 - 7*r**3/3 + 106*r**2. Let m be x(-4). Calculate a(m).
-27
Suppose -2*b + 7 = -n - 5*b, 3*b - 13 = -5*n. Let w(v) = -v**2 + 3*v - 5. Calculate w(n).
-15
Let i = -4461 - -4456. Let r(v) = 20*v + 11. Calculate r(i).
-89
Let c(u) be the first derivative of u**3/3 - 6*u**2 + 25*u + 1079. What is c(9)?
-2
Let m(f) = 9*f**3 - 10*f**3 + 4*f - f**2 + 5*f**2 - 4. Suppose 0*p + 3*g = 2*p + 7, 5*g = -5*p - 5. Let z be 1/p*(-40)/4. Give m(z).
-9
Let m(f) be the second derivative of f**5/20 + 29*f**4/12 + 40*f**3/3 + 51*f**2/2 - 36*f + 19. What is m(-26)?
-1
Let g(d) = 7*d - 16 + 77 - d**2 - 67. Calculate g(9).
-24
Suppose 0 = -342*h + 331*h - 11. Let s(m) = 9*m**3 - m**2 - 2*m - 2. Calculate s(h).
-10
Let w(k) = k + 6 + 0*k**2 - 3*k**2 - 2*k**2 + 5*k. Let g(x) be the first derivative of -x**3/3 + x - 11. Let n(z) = -4*g(z) + w(z). Determine n(6).
2
Let w(p) = -p**3 - 2*p**2 - 6*p - 10. Let j be w(-2). Let g(b) = -10*b - 3*b + 114 - 91 + b**j. Calculate g(10).
-7
Let w(s) = -s**3 + 3*s**2 - s - 2. Let l be (-17)/3 + 4/48*-4. Let b = 12 + l. Suppose -2*o + b = 2. Determine w(o).
0
Suppose -4 = 4*m - 4*u, -5 = -2*m - 3*u - 17. Let k(v) be the second derivative of 5*v**4/12 + 13*v**3/6 - 65983*v. What is k(m)?
6
Let q(k) = 3*k + 2*k - 10 - 9*k. Let s(w) = -616*w - 7397. Let u be s(-12). Calculate q(u).
10
Let m(c) be the second derivative of c**5/20 + 11*c**4/12 + 4*c**3/3 - 21*c**2 - 3165*c. Give m(-10).
-22
Let y(c) = 2*c - 7. Let b be 54/(-13) - (-12)/78. Let n be (-1 - (b + 2))*51/17. Let u(a) = -a**3 + 5*a**2 - 6*a + 5. Let w be u(n). Give y(w).
3
Let a(c) = -2*c**2 + 5*c - 3. Suppose 3*l = -2*j + 10, j + 11 = 2*l - 2*j. Suppose -w + l*w = 3*d - 42, -5*w + 38 = 4*d. Suppose 6*u - 6 = d. Determine a(u).
-6
Let l(u) = u**3 - 6*u**2 + 15*u - 3. Let s(b) = -b**3 + 5*b**2 - 13*b + 1. Let q(c) = -4*l(c) - 5*s(c). Give q(-2).
-15
Suppose 2*i + 36 = 4*d, 2*d - 35 = 4*i + 7. Let a(w) = -11*w**2 + w - 11. Let t(z) = -25*z**2 + z - 22. Let y(s) = -9*a(s) + 4*t(s). Give y(i).
-13
Let a(w) = -4*w**3 - 2*w**2 + 4*w - 7. Suppose 18*k = -29*k - 376. Let g(s) = -11*s**3 - 4*s**2 + 13*s - 22. Let l(v) = k*a(v) + 3*g(v). Determine l(5).
0
Let o(t) = -t - 1. Let w(k) = -k**3 + 9*k**2 - 11*k - 16. Let d be w(7). Suppose c - d = 3. Suppose -8 - c = 4*v. What is o(v)?
3
Let f(o) = o + 1. Let a = 339 - 276. Suppose a = -7*h + 77. Give f(h).
3
Let t(j) be the third derivative of -3*j**4/8 - j**3/3 + 10*j**2. Let o(v) = v**3 - v**2 - 30*v + 58. Let f be o(2). Calculate t(f).
-20
Let y(q) = -4*q + 9*q - 4*q + 0*q. Let n = 17 - 1. Suppose 0 = 4*c + n. Calculate y(c).
-4
Let g(n) = -11*n + 1. Let y(w) = -25*w - 32. Let k(z) = 2*g(z) - y(z). Calculate k(-23).
-35
Let g(s) be the third derivative of -s**6/120 + 7*s**5/60 - s**4/12 + s**3 + 697*s**2. Give g(6).
30
Let x(r) be the second derivative of -r**5/120 - r**4/4 + 65*r**3/6 - r + 2. Let c(u) be the second derivative of x(u). Suppose 0 = 5*n + 15 + 15. What is c(n)?
0
Let k(j) = -7*j**2 - 13*j - 2. Let i(q) = -q**2 - 2*q. Let r(c) = -6*i(c) + k(c). Suppose 2*g = -2*s - 20, 5*s + 26 = g - 6. Calculate r(s).
-44
Suppose -50 = 10*i - 5*i. Let y(d) = 4 + 0*d**2 + 4099*d - d**3 - 4111*d - 11*d**2. What is y(i)